
Suppose 5*k + r + 8 = k, 0 = k + r - 1. Let d(z) be the first derivative of z**3 - 2*z + 3. List the prime factors of d(k).
5
Suppose y - 20 = 5*c - 5, 0 = -4*y - 3*c + 14. Suppose 0 = -5*u - w + 403, y*u - 2*w = 2*w + 388. List the prime factors of u.
2, 5
Let x be ((-5)/((-20)/12))/1. Suppose f + 650 = 2*k + x*k, 0 = 3*f - 15. What are the prime factors of k?
131
Let f(w) = -w**2 + 9*w + 7. Let x be f(10). Let k be (-1 + x/(-2))*4. List the prime factors of k/3 - 28/(-3).
2, 5
Suppose -d + 11 - 31 = y, -3*d = 2*y + 45. Let n = y - -25. Suppose -k + 9 = -n. List the prime factors of k.
19
Suppose -2*v - 8 = 0, -v - 7 = 2*d - 5. Let f(c) = 17*c**2 - 4*c + 2. List the prime factors of f(d).
3, 5
Let a(s) = -s**3 + 5*s**2 + 29. List the prime factors of a(-6).
5, 17
Let z = 230 - 39. Suppose 0 = -0*x + 3*x + k - z, -3*k + 313 = 5*x. List the prime factors of x.
5, 13
Let x(s) = 4*s + 3. Let w be x(8). Suppose -r + 4*v = -3*r, 8 = 4*r + 4*v. Suppose 2*q + b = 34, -r*q + b + w + 27 = 0. List the prime factors of q.
2
Let v(u) = 54*u - 8. Let w be v(-3). Let h = w + 255. List the prime factors of h.
5, 17
Let n(p) = p**2 + 2*p - 16. Let o be n(-5). What are the prime factors of (0 - 1/o)*59?
59
Suppose -2*j = 2*t - j - 5, -3*j = 3*t - 9. Suppose t*i = i - 2. List the prime factors of (3 + 17/i)*-4.
2, 11
Let w(g) = -65*g**2 - 3 + 67*g**2 - 2*g - 1. Let u be w(4). Suppose 0 = -o - 3 + u. What are the prime factors of o?
17
Let l be (2 + (-20)/4)*1. Let r(b) = b**2 + 3*b + 5. Let s be r(l). Suppose -s*a = 4*x - 125 + 6, 0 = 2*x + 2*a - 60. What are the prime factors of x?
31
Suppose 3*r + 3*g = -3, r = -3*r - 3*g. Suppose -r*c + 512 = c. Suppose -4*p + 2*x = -128, -4*p = 7*x - 2*x - c. List the prime factors of p.
2
Let n = -6 - -3. What are the prime factors of 149 - n/(1*(2 + -3))?
2, 73
Let m be ((-8)/(-12))/((-2)/(-6)). Let a = m - -1. Suppose 0 = 2*s - 5*l - 41, -5*s - 9 = -a*s + 5*l. What are the prime factors of s?
2
Suppose -562 - 322 = -4*t. What are the prime factors of t?
13, 17
Let i = 2 + 5. Suppose 4*y = i*y - 147. Let b = -16 + y. What are the prime factors of b?
3, 11
Suppose 0 = -5*v - 69 + 9. Let f be v/(-9) - (-2)/3. Suppose 2*m = 4*l + 28, 6*l - f = -m + 2*l. What are the prime factors of m?
2, 5
Suppose -2*i + v = -1329, i - 4*v + 104 = 786. What are the prime factors of i?
2, 331
Suppose -3*i - i + 4 = 0, 2*i + 19 = -3*n. Let x = n - -9. List the prime factors of x.
2
Suppose t = 2*g - 2, 6 = -3*t + 2*t + 4*g. Suppose t*d = -4*i + 24, 25 = 4*d - 2*i + 7. Suppose -d*j = -59 - 25. What are the prime factors of j?
2, 7
What are the prime factors of 315 + (-5 - -12 - 6)?
2, 79
Let a = -22 - -25. Suppose -4*j + x - a*x + 192 = 0, -x = -2. What are the prime factors of j?
47
What are the prime factors of -3 - -1231 - (8 - 5)?
5, 7
Let r = 112 - 68. Suppose r - 14 = 3*v. What are the prime factors of 264/v + 4/(-10)?
2, 13
Suppose -29*a - 25739 = -75677. What are the prime factors of a?
2, 3, 7, 41
Let v be 21/4 - (-3)/(-12). Let d be v + 0*2/(-8). Suppose -q + d*q = 16. What are the prime factors of q?
2
Let f(z) = 1 - 7*z - 5 - 6*z + 5*z. Let q be f(-3). Suppose 4*p - q = 28. List the prime factors of p.
2, 3
Let b = -173 + 89. Let p = 132 + b. List the prime factors of p.
2, 3
Let v = -9 + 9. Suppose -5*h + 0*h + 355 = v. List the prime factors of h.
71
Let s(r) be the third derivative of 0 - 1/3*r**3 + 0*r - 4*r**2 + 1/12*r**4 + 29/60*r**5. What are the prime factors of s(1)?
29
Let z(u) = -u**2 - 9*u + 39. Let l be z(-12). What are the prime factors of ((-10)/l + 3)*-519?
173
Let p(w) = -58*w + 343. List the prime factors of p(-23).
3, 13, 43
Suppose c - 257 = 81. List the prime factors of c.
2, 13
Suppose -5*p + 4*u = 22, -u = 2*p + 3*u - 8. Let l be ((-6)/p)/(15/10). Suppose -v - 3*o + 28 = 0, 0*o = -2*v + l*o + 16. What are the prime factors of v?
13
Suppose -6*r + 2*r - 1872 = 0. Let l = -1946 - r. List the prime factors of (-4)/22 - l/22.
67
Suppose 3*j = -5*c - 157, 4*j + 3*c = 104 - 295. Let p = j - 3. Let i = p + 97. List the prime factors of i.
2, 5
Let b = 95 - 93. List the prime factors of (-1)/(-2) - b*295/(-4).
2, 37
Let b be ((-510)/24)/(1/(-4)). Let f = -51 + b. List the prime factors of f.
2, 17
Let n = 18 + -18. Suppose -a - 19 + 130 = n. Suppose 3*d = -t + 35, 3*t + d - a = -2*d. What are the prime factors of t?
2, 19
Let p be (3*2/(-3))/(-1). Suppose -p*j + 35 = x, -x + 3*j + 201 = 4*x. Suppose -3 = y - x. List the prime factors of y.
2, 3
Let n(i) = -6*i**2 - 5*i + 4. Let k(w) = 13*w**2 + 11*w - 8. Suppose 0 = 3*z + 4 + 2. Let q(d) = z*k(d) - 5*n(d). What are the prime factors of q(-3)?
23
Let a(j) = -j**2 - 13*j - 7. Let i be a(-12). List the prime factors of 1*(-4 + i) - -1.
2
Let w(z) be the third derivative of -z**4/24 + 7*z**3/6 + 2*z**2. Let f be w(9). What are the prime factors of 33/f*(-24)/36?
11
Let k be 1*-1*(8 - 7). Let f(a) = 66*a + 1. Let o be f(k). Let b = -35 - o. List the prime factors of b.
2, 3, 5
Suppose 47*y = 56*y - 11952. What are the prime factors of y?
2, 83
Let d = 0 - -3. Let q be (0 - (-6)/(-5 + 2)) + 15. Let m = q + d. List the prime factors of m.
2
Suppose -46*r = -58043 - 5023. What are the prime factors of r?
3, 457
Suppose -49*h + 2622 = -47*h. List the prime factors of h.
3, 19, 23
Suppose 4*d = 0, -d = -5*t - 0*d + 11700. List the prime factors of t.
2, 3, 5, 13
Suppose 22*u - 25811 - 13019 = 0. What are the prime factors of u?
5, 353
Suppose 1 = -3*c - 20. Let b(w) be the third derivative of w**5/30 + 3*w**4/8 - w**3/2 + 11*w**2. List the prime factors of b(c).
2
Suppose -4*z = 5*q - 14, -16 = -3*z - q - 0. Let r be -3 + (-3 + z)*2. Suppose -2*b - r*k - 33 = -3*b, 2*b - 5*k = 61. List the prime factors of b.
2, 3
Suppose -f + 3*f + 2 = 3*x, 5*x - 3*f = 5. Let u be ((-18)/15)/(x/(-10)). Suppose 0*d + 3 = -d + 4*y, -u*y - 53 = -5*d. List the prime factors of d.
13
Let j(w) be the third derivative of 13*w**4/24 - 3*w**3/2 - 10*w**2. List the prime factors of j(3).
2, 3, 5
Suppose 5*k - 38 = -5*p + 172, 2*p + 156 = 4*k. What are the prime factors of k?
2, 5
Suppose 3*k + 5*p = -91, p - 125 = 5*k - 4*p. What are the prime factors of (-285)/(-2)*(-18)/k?
5, 19
Let u = -1474 - -2070. Let t be (-2)/(-5) + u/10. Suppose g - 4*k + 28 = 2*g, 5*g - t = -4*k. What are the prime factors of g?
2
List the prime factors of 21*(16 + -13 + (-417)/(-9)).
2, 7, 37
Let l be (-1)/4 - 7/(-28). Suppose l = 3*k - 60 - 33. Let a = 55 - k. What are the prime factors of a?
2, 3
Suppose 21*h - 5366 - 3853 = 0. What are the prime factors of h?
439
What are the prime factors of 37*(-8 + 31 + 2)?
5, 37
What are the prime factors of (50 - 51)/((-1)/1948)?
2, 487
Suppose -8 = -i + 5*f, 5*i - f - 47 = 17. Suppose -9 = 10*s - i*s. Suppose -2*n + 165 = s*n. What are the prime factors of n?
3, 11
Let g = -109 - -1008. List the prime factors of g.
29, 31
Let d(l) = 5*l**2 + 8*l + 8. Let f be d(-6). Suppose 20 - f = -5*p. Suppose -3*c + p = -42. List the prime factors of c.
2, 11
Let c(w) = 3 + 10*w - 11*w + 1. Let y be c(2). Let m = 0 + y. What are the prime factors of m?
2
Suppose -4*b + 1017 = -39. Suppose 181 = 5*v - 4*t - 261, 2*t = 3*v - b. List the prime factors of v.
2, 43
Suppose 0 = 5*x + 5*a - 1690, -183 = -x + 4*a + 135. List the prime factors of x.
2, 167
Let w be (4 - (2 + 0)) + -2. List the prime factors of 14/(-35)*(-15 - w).
2, 3
Let b = -2 + 1. Let q(c) = 18*c - 36. Let z(m) = 2. Let w(r) = -2*q(r) - 36*z(r). What are the prime factors of w(b)?
2, 3
Suppose -4*u + 21 = -3*k + 7, 3*u + 2*k - 2 = 0. Suppose -u*l - 4*a = 100, -4*a + 6*a = -5*l - 250. Let d = -25 - l. List the prime factors of d.
5
Suppose 0*i = 2*i + 14. Let a(t) = -12*t - 13. List the prime factors of a(i).
71
What are the prime factors of (-813)/(-2) - 4/8 - 4?
2, 3, 67
Let w(g) = 5*g - 43. Suppose 5*i - 26 - 62 = z, 4*i + z - 74 = 0. What are the prime factors of w(i)?
47
Suppose 0 = -3*j - 3, -5*j = 2*i - 14 - 19. Suppose 13*f + 768 = i*f. What are the prime factors of f?
2
Let r(u) be the first derivative of -u**2/2 + 3*u - 2. Let j be r(-5). What are the prime factors of (-1)/1 - (j + -31)?
2, 11
Suppose -j - 4*o + 3775 = 0, 4*j = 2*j - 3*o + 7530. List the prime factors of j.
3, 7, 179
Suppose 0 = -0*h + h - 2. Let z(v) =